42 (base 5) to base 7.
-25524313
Convert -307615 (base 8) to base 3.
-12012022100
-620714 (base 13) to base 11
-1321625
What is -157881 (base 10) in base 16?
-268b9
110010001001111110 (base 2) to base 15
40d0d
Convert 70741 (base 10) to base 16.
11455
What is -86c6a7 (base 16) in base 12?
-2b5b607
Convert -123044005 (base 6) to base 15.
-321c3e
Convert 2606636 (base 7) to base 10.
338519
Convert -c7bb1 (base 14) to base 15.
-97e76
-1715ba (base 12) to base 13
-10b679
-322132113 (base 4) to base 3
-110011112210
37960 (base 11) to base 14
15b75
What is -1050723 (base 8) in base 4?
-1011013103
What is -a6765 (base 11) in base 10?
-155314
What is -32b07b (base 12) in base 11?
-501401
What is 110010001111101010010011 (base 2) in base 7?
216645300
Convert 12033212 (base 9) to base 4.
112120211312
Convert 432873 (base 10) to base 11.
276251
Convert -271c3a (base 14) to base 8.
-5114114
-4653 (base 14) to base 5
-342400
-10314340423 (base 5) to base 2
-101010010011100011000001
Convert -411403 (base 8) to base 13.
-49b4b
10112000210 (base 3) to base 16
10e9c
What is -52b21 (base 12) in base 11?
-7477a
What is -517004 (base 15) in base 7?
-44622043
What is -100206641 (base 7) in base 12?
-1b38b38
What is -2115413 (base 6) in base 2?
-11001010011000001
-10200102022002 (base 3) to base 15
-289c1e
8666620 (base 9) to base 7
54345021
-db6074 (base 14) to base 5
-3400241404
What is -1001121111102 (base 3) in base 13?
-169433
Convert -237512 (base 9) to base 15.
-2c6d5
Convert -50045 (base 10) to base 4.
-30031331
Convert 54402133 (base 6) to base 8.
6127751
Convert 11f65 (base 16) to base 11.
50305
-1353115 (base 7) to base 10
-181165
Convert -1a83e (base 16) to base 7.
-631431
What is -677322 (base 8) in base 3?
-102122020020
What is -18405 (base 16) in base 10?
-99333
Convert 455461 (base 7) to base 9.
133327
-1140541 (base 6) to base 2
-1110100110101101
What is 21245141 (base 6) in base 4?
2121122311
Convert 52454424 (base 6) to base 16.
175ed0
Convert -203ca4b (base 14) to base 15.
-15066ba
17141b0 (base 14) to base 9
23310085
What is -302a53 (base 15) in base 9?
-4265406
Convert 142142532 (base 6) to base 13.
7a9aaa
66b676 (base 14) to base 5
1343121104
What is 23033101023 (base 4) in base 14?
569935
What is 25052126 (base 7) in base 9?
4205718
13223230110 (base 4) to base 3
10210022122120
1000110001111000111110 (base 2) to base 10
2301502
-12312001 (base 5) to base 16
-1d34a
Convert -20201200110121 (base 3) to base 16.
-369115
-92328 (base 12) to base 10
-190544
What is 20021 (base 10) in base 9?
30415
What is 27333212 (base 8) in base 16?
5db68a
-242142240 (base 5) to base 13
-3079ca
11001101100001010 (base 2) to base 6
2131054
127b2 (base 16) to base 4
102132302
What is 332332100 (base 5) in base 9?
2647617
-107410 (base 8) to base 3
-1212020011
Convert 5901975 (base 10) to base 15.
7b8b00
6863a8 (base 11) to base 9
2043723
What is 1139009 (base 10) in base 9?
2125375
-d1570d (base 14) to base 13
-15c89a0
2513502 (base 7) to base 5
40314020
Convert -120221021122212 (base 3) to base 9.
-16837585
What is -213a62 (base 11) in base 6?
-11155222
What is 2004414 (base 5) in base 12?
1652b
Convert 2b788 (base 13) to base 11.
57057
Convert 167410 (base 8) to base 15.
131e7
What is 4112430 (base 11) in base 9?
14602770
What is -2135130 (base 6) in base 11?
-727a4
-110402 (base 8) to base 2
-1001000100000010
-313030131 (base 4) to base 15
-46ebc
Convert 430133411 (base 6) to base 9.
15218077
-1000000111111110100 (base 2) to base 8
-1007764
-2b203a (base 15) to base 2
-111111100011001111110
What is ef606 (base 16) in base 11?
60a721
-503326 (base 8) to base 11
-103457
Convert 671622 (base 11) to base 16.
10571a
Convert 122112131 (base 5) to base 13.
174ca0
What is -330120222 (base 4) in base 11?
-159913
153764 (base 10) to base 16
258a4
What is 10551604 (base 7) in base 4?
3200222200
282668 (base 10) to base 13
9b879
Convert 11233030 (base 4) to base 12.
11724
Convert 12196960 (base 10) to base 15.
110ddaa
What is 185216 (base 10) in base 12?
8b228
709717 (base 12) to base 14
33ab63
Convert -4248c (base 15) to base 8.
-632552
What is -10101001010001 (base 2) in base 9?
-15766
Convert 62775e (base 16) to base 5.
3122444321
15235612 (base 7) to base 16
16321f
Convert 26c43 (base 16) to base 15.
320ac
-553418 (base 9) to base 7
-2544533
Convert -11212102212111 (base 3) to base 4.
-21313213312
What is -25b32b (base 14) in base 6?
-43455431
-110100111100100010011100 (base 2) to base 15
-134266c
100100111010100100010 (base 2) to base 5
302202014
Convert 1121012144 (base 5) to base 16.
266645
Convert 17442525 (base 8) to base 12.
1449819
Convert -c3510 (base 15) to base 6.
-21132353
-1001000111010111011 (base 2) to base 4
-1020322323
10422232 (base 5) to base 8
264040
What is b82041 (base 13) in base 3?
22010100000202
Convert 14811 (base 16) to base 6.
1444453
What is -252433 (base 7) in base 6?
-555221
3317584 (base 9) to base 6
102121251
Convert -21324656 (base 7) to base 15.
-25eb45
a6622 (base 12) to base 15
44b98
-33212140 (base 5) to base 12
-11aab0
What is 926740 (base 14) in base 11?
2870931
What is -3041453 (base 6) in base 13?
-5132a
What is -4120013042 (base 5) in base 3?
-120201202022100
Convert -885701 (base 11) to base 13.
-3a6224
What is 122002121221221 (base 3) in base 13?
1b61987
1827336 (base 11) to base 13
846714
-11110011111110010 (base 2) to base 4
-132133302
Convert 5120105 (base 7) to base 16.
94e74
Convert -1472517 (base 8) to base 6.
-13023251
29d10 (base 16) to base 2
101001110100010000
Convert 1011010100100110 (base 2) to base 7.
252126
-133432142 (base 5) to base 4
-2213213103
-102203313 (base 4) to base 8
-224367
955aa9 (base 14) to base 10
5048325
Convert 733181 (base 12) to base 7.
21244246
What is 401a5 (base 11) in base 9?
88583
3724d (base 14) to base 15
29e97
What is -52814 (base 10) in base 9?
-80402
What is 110100111101001100 (base 2) in base 12?
a5638
What is -1010120221220 (base 3) in base 8?
-2230014
Convert -1031310021 (base 4) to base 16.
-4dd09
Convert 3044553 (base 7) to base 11.
2296a7
Convert -1239b (base 16) to base 5.
-4342101
Convert 11000000001111111110111 (base 2) to base 12.
213975b
What is 1101010011111100 (base 2) in base 11?
37a68
Convert 46755013 (base 8) to base 9.
21186746
b429 (base 14) to base 11
21327
What is 4881a1 (base 11) in base 12?
312a70
Convert 44a90 (base 14) to base 15.
34601
-4334a (base 13) to base 7
-1013643
What is -6930877 (base 10) in base 15?
-91d8d7
Convert 5a9b1 (base 12) to base 15.
263e4
What is 130322210 (base 4) in base 6?
2312152
-1331020332 (base 4) to base 2
-1111101001000111110
-1d59b (base 14) to base 2
-10010010111000101
Convert 271260 (base 9) to base 11.
102a43
What is 21051557 (base 9) in base 16?
9a97aa
83baa (base 12) to base 5
21012121
What is -197c (base 13) in base 2?
-111011101101
-4414201004 (base 5) to base 7
-143635642
6793686 (base 10) to base 7
111513444
Convert 3300202301 (base 4) to base 5.
223012030
What is -4552202 (base 7) in base 16?
-8a87e
What is -40492c (base 15) in base 14?
-5968c3
What is 17484b (base 14) in base 12?
3361ab
Convert 267577 (base 8) to base 5.
11002304
525431 (base 8) to base 12
85249
What is -4223474 (base 10) in base 3?
-21221120111222
Convert 395521 (base 10) to base 11.
250185
What is 340222034 (base 5) in base 6?
51552024
Convert -15625256 (base 7) to base 12.
-613272
What is -13424443 (base 7) in base 12?
-503547
-2031112 (base 4) to base 15
-2a31
What is -111011110110100111010 (base 2) in base 5?
-1000230044
What is 486a4 (base 14) in base 16?
2b328
Convert -2672224 (base 10) to base 3.
-12000202121021
What is 100111111110000011001 (base 2) in base 5?
313402341
Convert -cb3738 (base 13) to base 3.
-22222201111202
What is -143514 (base 10) in base 14?
-3a430
Convert -223025 (base 10) to base 14.
-5b3c5
Convert -5347009 (base 10) to base 8.
-24313301
Convert -163ab0 (base 15) to base 6.
-35015533
Convert -7783 (base 10) to base 7.
-31456
What is -11dd255 (base 14) in base 7?
-133060235
Convert -1011110100101100011011 (base 2) to base 7.
-35226131
Convert 55356020 (base 7) to base 3.
22222100211122
Convert 202020021111 (base 3) to base 11.
252223
Convert 11223556 (base 7) to base 12.
3b37b7
What is 46873b (base 14) in base 2?
10010